hen 70 is divided by k(-2)?
10
Let j(z) = -5*z + 4. Let w be j(2). Let o(m) = m**3 + 7*m**2 + 4*m - 7. Let d be o(w). Suppose 7*x = d*x + 114. What is the remainder when x is divided by 29?
28
Let s(q) = q - 14. Let d = -15 + 43. What is the remainder when d is divided by s(24)?
8
Let x = 108 - -149. Calculate the remainder when x is divided by 37.
35
Calculate the remainder when 852 is divided by (117/1)/(66/44).
72
Suppose -l = 3*z - 2*l - 102, 3*z - 5*l - 90 = 0. What is the remainder when 87 is divided by z?
17
Let g(l) = -l**3 - 20*l**2 - 19*l - 25. Let b be g(-19). Let o = -21 - b. What is the remainder when 15 is divided by o?
3
Suppose 0 = 2*n - 11 - 5. Let y be 3/(28/(-8) + 4). Suppose 0 = 2*b + y - 16. Calculate the remainder when n is divided by b.
3
Suppose 0 = -4*m - f - 3*f + 480, -5*m + 597 = 4*f. What is the remainder when m is divided by (-5)/((-2)/(-9)*6/(-4))?
12
Suppose -2 = -m + 1. Suppose m*d = d + 126. Suppose -3*w + 5*w = 0, 3*h = w + d. Calculate the remainder when 39 is divided by h.
18
Let z(b) = 72*b - 20. Let s be z(1). Let m = 2 + 0. What is the remainder when 41 is divided by (-7 + s)*m/6?
11
Suppose 38*c + 6 = 36*c, -5*b - 5*c = -865. Calculate the remainder when b is divided by 48.
32
Suppose 3*d - 265 = f - 0*f, -2*d - 5*f = -205. Calculate the remainder when d is divided by 19.
14
Let a = 152 - 141. Suppose -c + 4 = r - 5*c, 0 = 5*r - 4*c - 20. Suppose -x - 5*b + 4 = -48, 112 = r*x - 4*b. What is the remainder when x is divided by a?
10
Suppose 19*h = 23*h - 24. Let k(n) = 18*n + 7. Calculate the remainder when k(h) is divided by 29.
28
Let x be (2/(-4))/((-2)/(-112)). Let m = 19 - 33. Let t = m - x. Calculate the remainder when 27 is divided by t.
13
Let t(d) = 5*d + 86. Calculate the remainder when t(-13) is divided by 5.
1
Suppose 3*m = -4*p + 39, -2*p + 8 - 48 = -2*m. Suppose -5*n + 0 = -2*s + 111, 4*s = -5*n + 267. Calculate the remainder when s is divided by m.
12
Suppose -59*m = -70*m + 352. What is the remainder when 56 is divided by m?
24
Suppose -13*i + 9*i = -8. Calculate the remainder when (-118)/(-3)*2*3/i is divided by 30.
28
Suppose -15 = 4*o - 5*l, -o + 5*l = -1 + 16. Suppose o*b = -4*b + 28. What is the remainder when 7 is divided by b?
0
Let p(r) = r**2 + 2*r - 4. Let d(x) = x + 17. Let y be d(-11). Calculate the remainder when p(y) is divided by 23.
21
What is the remainder when (-92344)/(-116) - (-16)/(-232) is divided by 7?
5
Suppose -2*a + 13 = -5*l, 0*a + 5*l + 19 = a. What is the remainder when 12 is divided by ((-20)/a)/(8/12)?
2
Suppose -4*k + 4*b + 504 = 0, 0 = k - 6*k - 3*b + 654. Suppose 0 = -5*r + 6 + k. Let j = -21 - -36. What is the remainder when r is divided by j?
12
Let i = 129 - 56. What is the remainder when 94 is divided by i?
21
Suppose 10*s - 22 = 8*s. Let u = -27 + 48. Calculate the remainder when u is divided by s.
10
Calculate the remainder when (-455)/(-15) - 20/15 is divided by 6.
5
Let s(b) be the second derivative of b**5/20 - b**4/12 - b**3/3 - 3*b**2/2 - 2*b. Let x be s(-5). What is the remainder when 3/12 - x/4 is divided by 19?
17
Suppose 26*b - 3584 = -880. What is the remainder when b is divided by 3?
2
Let o = -171 + 298. Suppose 5*h - o - 153 = 0. What is the remainder when h is divided by 15?
11
Let v = 262 - 230. Calculate the remainder when 151 is divided by v.
23
Let m = 14 - 1. Suppose 0 = -p + 6*p. Suppose -4*l + 171 - 19 = p. What is the remainder when l is divided by m?
12
Suppose 8 = -5*u + u. Let i(a) = -a + 2. Let r be i(u). Suppose 0 = -v - 5*k + 75, 0 = r*v + v - 4*k - 230. What is the remainder when v is divided by 17?
16
Let m(d) = -8*d + 228. What is the remainder when m(22) is divided by 20?
12
Let z = -98 - -23. Let o = -68 - z. Calculate the remainder when 26 is divided by o.
5
Suppose 4*i + k + k - 4 = 0, -4 = -5*i - 3*k. Suppose -5192*b = -5201*b + 36. What is the remainder when i/(7/3 - 2) is divided by b?
2
Let r = -24 - -88. Calculate the remainder when 255 is divided by r.
63
Suppose 2*v = 4*v. Let g be (3/2)/((-90)/840). Let s = v - g. Calculate the remainder when s is divided by 9.
5
Let n = 15 - -38. Let m = 80 - n. Calculate the remainder when m is divided by 15.
12
Let b(d) = d + 15. Suppose -2*m - 14 - 14 = -4*i, 3*m = 4*i - 24. Let f = 18 - i. What is the remainder when f is divided by b(-11)?
1
Let j(g) = -g**3 + 10*g**2 - 6*g. Let l = 41 + -35. Suppose 4 = -l*z + 100. What is the remainder when j(9) is divided by z?
11
Let f = -15 + 13. Calculate the remainder when (f - 1 - 16)*-3 is divided by (-10)/(0 - (-4)/(-8)).
17
Let n = -63 - -249. Suppose n - 516 = -6*a. Suppose a + 28 = p. Calculate the remainder when p is divided by 21.
20
Let m(w) = w**2 - 12*w + 19. Let a be m(9). Let b be 24/a + -1*27. Let o = b + 36. Calculate the remainder when o is divided by 4.
2
Let a = -1614 + 1905. What is the remainder when a is divided by 18?
3
Let c(m) = -m + 4. Let r be c(4). Let a be r*((-3)/6)/1. Suppose a*x = 3*x - 15. Calculate the remainder when 18 is divided by x.
3
Suppose 2*r + u - 19 = 0, -12*u = 5*r - 13*u - 65. Suppose 5*a - a = 0. Calculate the remainder when 47 - 1 - a - 1 is divided by r.
9
Let z be (-3)/(-6) + -1 + 51/6. Let x(m) = m**3 - 7*m**2 - 3*m + 1. What is the remainder when 163 is divided by x(z)?
40
Let d = -19 - -33. Suppose -8*c + 1992 = -4*c. What is the remainder when c/12 + (-1)/2 is divided by d?
13
Let g = -34 + 55. Suppose -13*q = -9*q - 4, 4*d - 165 = -5*q. Calculate the remainder when d is divided by g.
19
Let l be 1496/(-55) - 2/(-10). What is the remainder when (1/(-3))/(856/216 - 4) is divided by l/(-6) + (-4)/8?
1
Suppose -1132 = -4*s - 2*v, -2*v - v = 0. Calculate the remainder when s is divided by 15.
13
Let z(p) = 2*p + 1. Let v be z(-5). Let y(a) = 3*a + 1. Let f be y(-2). Let g = f - v. Calculate the remainder when 10 is divided by g.
2
Suppose 8*q + 4*z - 216 = 4*q, q + 3*z - 62 = 0. What is the remainder when q is divided by 12?
2
Let f(d) = 2*d - 6. Let b be f(6). Let k be (1 + 4)/((-6)/b). Calculate the remainder when 2/10 + (-89)/k is divided by 5.
3
Suppose -5*n - 14 = -79. Calculate the remainder when n is divided by 9.
4
Suppose -3*o + s = -4*s + 10, -4*s = o - 25. Suppose -5*y - o*w + 0*w = 355, 3*w = 2*y + 122. Let i = y + 97. What is the remainder when i is divided by 16?
14
Let g = 10 - -10. Calculate the remainder when 68 is divided by g.
8
Calculate the remainder when 36 is divided by -2*20/(-12)*180/25.
12
Let x = 471 + -356. What is the remainder when x is divided by 40?
35
Let r be 3 + (-2)/(-4)*2. Suppose 2*n + r*f = -4, n - 3*f - 24 = -n. Calculate the remainder when 22 is divided by n.
4
Let k = -16 + 16. Let p(q) = q + 20. Let j be p(k). Let o = j - -10. Calculate the remainder when o is divided by 8.
6
Suppose -2*i = 2*o - 58, 0*o = -5*o + 4*i + 190. Calculate the remainder when 100 is divided by o.
32
Suppose 3*p = 2*h - 43, 4*h = -4*p + 6*p + 106. Calculate the remainder when 171 is divided by h.
26
Let t = -1005 + 1057. Calculate the remainder when 2389 is divided by t.
49
Let x(n) = 2*n**2 - 6*n**2 - 2*n + 1 + 2*n**3 + 0*n - n**3. Suppose 0*o - 25*o + 1550 = 0. Calculate the remainder when o is divided by x(5).
14
Let q be ((-17)/3)/((-1)/3). Let x = 29 - q. Calculate the remainder when x is divided by 4/(-22) - (-171)/33.
2
Let j be ((-6)/4)/(15/(-50)). Suppose -25 = -j*z - h + 22, 26 = 2*z + 4*h. What is the remainder when 33 is divided by z?
6
Let t = 403 + -372. What is the remainder when t is divided by 2?
1
Let z be -102*(3/(-9) + (-1)/3). Suppose 67*d + 41 = z*d. Calculate the remainder when d is divided by 6.
5
Suppose -23*b + 24*b + 4 = -3*z, -26 = -4*b + 2*z. Calculate the remainder when 496 is divided by b.
1
Let s(p) = p**2 + p - 1238. Let n be s(0). What is the remainder when ((-70)/(-45))/7 + n/(-18) is divided by 18?
15
Suppose 7*z - 762 = -5*z - 210. What is the remainder when z is divided by ((-4)/(-6))/((-1)/(-24))?
14
Let l = -517 - -522. What is the remainder when 31 is divided by l?
1
Let u be 24/14 + 2/7. Suppose 70 = 4*x - u*o, o = -2*o - 15. Suppose -2*g = g + x, -31 = -2*a - g. Calculate the remainder when a is divided by 10.
8
Suppose 0 = -8*h + 224 + 200. Calculate the remainder when h is divided by 17.
2
Calculate the remainder w